p = 19 + -19. Suppose f + u = 1, p = u + 1. What are the prime factors of s(f)?
61
Let x = -28 + 34. Let o = x + 0. Suppose o*q + 49 - 931 = 0. What are the prime factors of q?
3, 7
Let a = -31 - -31. Suppose 0 = -y + 4*g - 13, -4*y + a*g - 4 = -4*g. Suppose -y*x = -0*x - 21. List the prime factors of x.
7
Let q = -29161 - -44050. List the prime factors of q.
3, 7, 709
Let p = -11838 + 20275. List the prime factors of p.
11, 13, 59
Let s be (-2 + 0)*(-2)/(-2). Let q be (-141)/s*7/((-21)/(-20)). List the prime factors of (30/20)/(3/q).
5, 47
List the prime factors of (4/(-16)*2)/(((-7)/(-28086))/(-7)).
3, 31, 151
Suppose 13*u + 7120 = 48. Let f = u + 1152. List the prime factors of f.
2, 19
Let f be (-1430)/(-39) - (-1)/3. Let x = 611 - f. List the prime factors of x.
2, 7, 41
Let n(w) = -w**2 - 13*w + 2. Let k be n(-10). Let i = k + -12. Suppose 4*c - 356 = -4*v, 0*c + 4*c = i. List the prime factors of v.
2, 3, 7
Suppose 61*d - 4071 - 1175 = 0. Let i = -82 + 43. Let f = d + i. List the prime factors of f.
47
Suppose o = -24 - 1. Let x = o - -36. Suppose x*m - 9*m - 74 = 0. List the prime factors of m.
37
Suppose -5*o + 195 = -3*o - 5*l, 0 = o + 5*l - 135. Suppose 944 - o = 6*k. List the prime factors of k.
139
Suppose 2*g - 3*i = -33, -4*i - 22 = -2*g - 58. Let c(r) = -r**3 - 9*r**2 - 7*r - 6. What are the prime factors of c(g)?
2, 3, 5, 17
List the prime factors of 25676 + 4*(-5 + 1).
2, 5, 1283
What are the prime factors of (39 - 19) + -25 + 71542/2?
2, 3, 1987
Let q(t) = t**2 - 10*t + 17. Let u be q(7). Let o(g) = -g**3 - 5*g**2 - 7*g. Let h be o(u). What are the prime factors of (-171)/6*h/(-18)?
19
What are the prime factors of (2783/(-33) + 8)/(1*(-2)/318)?
53, 229
Let s = 186 - 184. Suppose -2*u + 354 - 86 = -s*o, 126 = u + o. List the prime factors of u.
2, 5, 13
What are the prime factors of (523095/12)/((-90)/(-72))?
43, 811
Let o be (2067/2)/((-1)/(-2)). Suppose -5*p + o = -2893. What are the prime factors of p?
2, 31
List the prime factors of (-6)/3*(-106785)/18.
3, 5, 7, 113
Let w = 8665 - 4454. What are the prime factors of w?
4211
Let q = 4322 - -3943. What are the prime factors of q?
3, 5, 19, 29
Suppose 12*i = -11*i + 230. Let l(y) = 57*y - 59. What are the prime factors of l(i)?
7, 73
Let o(i) = 808*i**2 + i + 1. Let q(b) = b**3 + 19*b**2 + 47*b - 15. Let r be q(-16). What are the prime factors of o(r)?
2, 3, 5
Let h(g) be the third derivative of -g**6/120 - 7*g**5/60 + g**4/8 + 19*g**3/6 - 7*g**2. Let c be h(-7). What are the prime factors of -141*(42/(-36) + c/(-4))?
2, 47
Suppose 4*f = 3*p - p - 1028, 4*p = -3*f - 749. Let x = 455 + f. List the prime factors of x.
2, 5
Let v = 220 + -218. Suppose v = 4*g + 6, -2*g - 1080 = -2*x. What are the prime factors of x?
7, 11
Let i = -256 + 201. What are the prime factors of ((-11)/i - (-97)/15)*90?
2, 3, 5
Let o = 43 + -48. Let g be o - 9*(1 - 2). Suppose 5*b = r - 224, 4*b = -g*r + 6*r - 436. What are the prime factors of r?
2, 107
What are the prime factors of 14/(-105) + 13/(-15) + (-36750)/(-5)?
7349
Let p = 5231 + -3034. List the prime factors of p.
13
Let v(t) = -5*t**2 - 106*t + 1. Let z be v(-21). List the prime factors of 149/5*(z + -7).
3, 149
Let l(p) = -178*p - 160. Let i be l(-5). Let r = i + -173. What are the prime factors of r?
557
Let t be -1 + 22/18 - 626/(-18). Suppose -36*o = -t*o - 12. What are the prime factors of 2*801/o + (-3)/6?
7, 19
Let p(u) = -10*u**2 + 7*u + 14. Let b(o) = -24*o**2 + 13*o + 27. Let n(k) = -6*b(k) + 11*p(k). List the prime factors of n(3).
5, 59
Let a = -4825 - -14507. What are the prime factors of a?
2, 47, 103
Let r = 239 - 238. Let t(p) = 45*p**3 - p**2 + 2*p - 1. What are the prime factors of t(r)?
3, 5
Let h(l) = 9*l**2 - 52*l - 49. What are the prime factors of h(24)?
13, 23
List the prime factors of 1 - (-5007 + -12 + 8).
2, 7, 179
Let z be 93/12 - ((-4)/16 - 0). Let y(j) = j**2 - 13*j + 40. Let n be y(z). Suppose n = 14*q - 1091 - 2339. What are the prime factors of q?
5, 7
Let r(b) be the first derivative of 5/3*b**3 + 1/2*b**4 - 5/2*b**2 + 44 - 9*b. List the prime factors of r(4).
179
Let i be 5/(2 - (-6)/12). Suppose j - 2*p - 96 = 486, -i*j + p = -1161. Suppose -5*g + 4*t = -g - j, 0 = 4*g - 2*t - 580. List the prime factors of g.
5, 29
Let y(m) = 29523*m**2 + 22*m + 24. List the prime factors of y(-1).
5, 1181
Suppose -2130 = -p - 4*f, 4*p + 8576 = 8*p + 2*f. What are the prime factors of p?
2, 29, 37
Let w(t) = 2*t**3 - 6*t**2 + 8*t - 6. Let s be w(2). Suppose -i = -14*k + 10*k - 744, -3*k = s*i - 1488. List the prime factors of i.
2, 3, 31
What are the prime factors of 6 - (-781)/2*(-6 + 8)?
787
Let f = -987 - -994. Suppose -3544 - 1979 = -f*t. List the prime factors of t.
3, 263
Let j be 8/(-20) - ((-314)/10 - 2). Let r be (-84)/22 + 27/j + -1. What are the prime factors of -2*((-4 - -1) + 42/r)?
3
Let g(y) = -83*y + 10. Suppose -5*v + 65 = -3*w, 2*w + v - 19 = 3*w. What are the prime factors of g(w)?
5, 251
Suppose -o - 4271 = u - 0*u, -2*o - u - 8540 = 0. Let x be (o/15 + (-15)/(-25))*-1. Suppose x = 2*t + 4*q, -t - 401 = -4*t - q. What are the prime factors of t?
2, 3, 11
Let g(y) be the first derivative of -5*y**2 + 227*y + 94. What are the prime factors of g(18)?
47
Let r = 6177 - 303. What are the prime factors of r?
2, 3, 11, 89
Let p be 5/((-35)/(-21)) - 39. Let b(k) = -37*k - 86. What are the prime factors of b(p)?
2, 7, 89
Let d be (-4)/20 + 1/5. Suppose 16*g - 1087 - 27665 = d. List the prime factors of g.
3, 599
Let v(r) = -r**3 + 10*r**2 + 11*r - 3. Let y be v(11). What are the prime factors of ((108/16)/(-9))/(y/456)?
2, 3, 19
Suppose 55*p = 54*p + 24. Suppose 4*x + p = 3*g, 5*g = -3*x + 11 - 0. What are the prime factors of g?
2
Let p = -72 - -74. Suppose 4*i - 2*k = 436, 3*k = -p*i + 5*k + 214. Suppose -3*x - 5*f - i = -724, -2*x = -f - 400. What are the prime factors of x?
3, 67
Suppose 0 = -2*n + 6*n - y - 14, 10 = 5*y. Suppose n*o - 2*f = 3*f - 2, 2 = f. Suppose -z - 191 = -o*x + 14, -3*z = -3*x + 309. What are the prime factors of x?
2, 3, 17
Let c = -59 - -53. Let i be (0 - 0)/(6/c). Suppose i = 4*x - 1 - 99. List the prime factors of x.
5
Suppose 0 = -18*b + 97865 + 30907. What are the prime factors of b?
2, 7, 73
List the prime factors of (15180 - 96/(-12)) + -2.
2, 3, 2531
Suppose -5*s + 763 = 56*r - 54*r, -3*r + 1122 = 3*s. Let a = -145 + r. List the prime factors of a.
2, 7
Suppose -97250 = -132*z + 937234. List the prime factors of z.
17, 461
Let y = 765 - 1542. List the prime factors of 18/(-12) + y/(-2).
3, 43
Let y(b) = 182*b + 1180. List the prime factors of y(15).
2, 5, 17, 23
Let q be (-500)/(-14) + (-8)/(-28). Let b(y) = -3*y**3 - 19*y**2 + 7*y - 53. Let d be b(-7). Let c = q - d. List the prime factors of c.
2, 5
Let b be (5 - -2) + 1507 + 21. List the prime factors of b - (11 - 5) - 8.
3, 13
What are the prime factors of ((-2)/48 - 54/(-144))/((-2)/(-103278))?
7, 2459
Let z(m) = 4*m - 52. Let y be z(17). Suppose 0 = -4*x + 16, 5*x = -3*q + 5*q + y. Suppose -q*w + 130 = -66. What are the prime factors of w?
2, 7
Let d = -208 - -319. Suppose 117*r = d*r + 2022. What are the prime factors of r?
337
Let t be 19 + (-3 - -6*1) + 2. Suppose t = -18*p + 12*p. What are the prime factors of 61 - p*(3 - 2)?
5, 13
Let d = -19166 + 20449. What are the prime factors of d?
1283
Suppose 4*c = -4*y + 6*c + 12, -c + 14 = 2*y. Suppose -y*b = l - 570, 117 = b - 5*l + 3. Let j = 327 - b. List the prime factors of j.
3, 71
Let z = 16 + 40. Suppose n + 3*n - z = 0. Let v = n - -5. List the prime factors of v.
19
Let h = 152 - 143. List the prime factors of ((-84)/h - 1)/(1/(-18)).
2, 3, 31
Suppose -5*c = -2*o - 114395, 45758 = 2*c + 388*o - 384*o. What are the prime factors of c?
137, 167
Suppose 2*l = 11*l - 27. Suppose 3 = -n, -3*n + 546 = l*z - 174. What are the prime factors of z?
3
Let i(f) = f**3 - 15*f**2 + 37*f + 1. Suppose -3*k = 35 + 10. Let c be (-4)/(-6) + (-230)/k - 3. What are the prime factors of i(c)?
2, 3
Let t(z) = -4 + 1595*z - 3 + 2*z**2 - 1539*z. What are the prime factors of t(9)?
659
Let h(u) be the third derivative of 15*u**2 + 1/24*u**4 + 0 + 13/10*u**5 + 0*u + 0*u**3. List the prime factors of h(1).
79
Let c = -7217 + 16231. Suppose -2*m = -4*g + 1284 + 5926, 0 = -5*g + 3*m + 